{"id":7324,"date":"2023-09-04T10:52:55","date_gmt":"2023-09-04T10:52:55","guid":{"rendered":"https:\/\/www.bizkarra.com\/tienda-online\/?post_type=product&#038;p=7324"},"modified":"2024-10-24T16:43:02","modified_gmt":"2024-10-24T16:43:02","slug":"palmera-tierna-kinder","status":"publish","type":"product","link":"https:\/\/www.bizkarra.com\/tienda-online\/productos-vascos\/dulces\/palmera-tierna-kinder\/","title":{"rendered":"Palmera tierna Kinder"},"content":{"rendered":"<p>Adem\u00e1s de estar buen\u00edsimas, todas nuestras palmeras se elaboran con ingredientes seleccionados, de primera calidad, y a mano, por eso cada pieza tiene una forma irregular que es tambi\u00e9n irrepetible. De todas estas caracter\u00edsticas hablamos cuando decimos que tienen calidad artesana.<\/p>\n<p><strong>Ingredientes:<\/strong><\/p>\n<div class=\"wpb_text_column wpb_content_element \">\n<div class=\"wpb_wrapper\">\n<div class=\"wpb_text_column wpb_content_element \">\n<div class=\"wpb_wrapper\">\n<div class=\"wpb_text_column wpb_content_element \">\n<div class=\"wpb_wrapper\">\n<div class=\"wpb_text_column wpb_content_element \">\n<div class=\"wpb_wrapper\">\n<div class=\"wpb_text_column wpb_content_element \">\n<div class=\"wpb_wrapper\">\n<div class=\"wpb_text_column wpb_content_element \">\n<div class=\"wpb_wrapper\">\n<p>(<em>Al\u00e9rgenos en negrita<\/em>)\u00a0Harina de trigo (<strong><u>gluten<\/u><\/strong>), Margarina vegetal sin grasas trans, aceite girasol alto oleico, <strong><u>frutos secos<\/u><\/strong>, fondant de chocolate Kinder, leche (<strong><u>lactosa<\/u><\/strong>) y sal.<\/p>\n<p>Por ser producto elaborado en nuestro obrador, puede contener trazas de huevo.<\/p>\n<\/div>\n<\/div>\n<\/div>\n<\/div>\n<\/div>\n<\/div>\n<\/div>\n<\/div>\n<\/div>\n<\/div>\n<\/div>\n<\/div>\n<p style=\"text-align: justify;\"><strong><em>Ll\u00e1manos o m\u00e1ndanos un Whatsapp sin compromiso y te explicaremos todo lo que quieras saber para escoger tus productos o combinaci\u00f3n ideal.<\/em><\/strong><\/p>\n<p>&nbsp;<\/p>\n<h3 style=\"padding-left: 120px; text-align: center;\"><span style=\"color: #000000;\"><a style=\"color: #000000;\" href=\"tel: 34944568508\">944 56 85 08<\/a><\/span><\/h3>\n<h3 style=\"text-align: center; padding-left: 120px;\"><span style=\"color: #000000;\"><a style=\"color: #000000;\" href=\"https:\/\/wa.me\/34655 61 39 81\">655 61 39 81<\/a><\/span><\/h3>\n<h3 style=\"text-align: center; padding-left: 120px;\"><span style=\"color: #000000;\"><a style=\"color: #000000;\" href=\"mailto:ventaonline@bizkarra.com\">ventaonline@bizkarra.com<\/a><\/span><\/h3>\n<p>&nbsp;<\/p>\n","protected":false},"excerpt":{"rendered":"<p>\u00a1La preferida!<\/p>\n<p>Nuestra palmera tierna Kinder es joven, desenfadada y tiene car\u00e1cter. Est\u00e1 recubierta con chocolate Kinder y en el interior tiene toda la ternura de nuestro hojaldre especial de baja cocci\u00f3n. Se disfruta tanto, que cualquier momento es bueno para comerla.<\/p>\n<p>Presentaci\u00f3n:<\/p>\n<ul>\n<li>Una palmera tierna Kinder, de raci\u00f3n individual<\/li>\n<\/ul>\n","protected":false},"featured_media":7321,"template":"","meta":[],"product_cat":[190],"product_tag":[],"yoast_head":"<!-- This site is optimized with the Yoast SEO plugin v22.1 - https:\/\/yoast.com\/wordpress\/plugins\/seo\/ -->\n<title>Palmera tierna Kinder - Bizkarra<\/title>\n<meta name=\"description\" content=\"Nuestra palmera tierna Kinder es de mullida masa tierna, por lo que se engloba entre las populares palmeras bollo.\" \/>\n<meta name=\"robots\" content=\"index, follow, max-snippet:-1, max-image-preview:large, max-video-preview:-1\" \/>\n<link rel=\"canonical\" href=\"https:\/\/www.bizkarra.com\/tienda-online\/productos-vascos\/dulces\/palmera-tierna-kinder\/\" \/>\n<meta property=\"og:locale\" content=\"es_ES\" \/>\n<meta property=\"og:type\" content=\"article\" \/>\n<meta property=\"og:title\" content=\"Palmera tierna Kinder - Bizkarra\" \/>\n<meta property=\"og:description\" content=\"Nuestra palmera tierna Kinder es de mullida masa tierna, por lo que se engloba entre las populares palmeras bollo.\" \/>\n<meta property=\"og:url\" content=\"https:\/\/www.bizkarra.com\/tienda-online\/productos-vascos\/dulces\/palmera-tierna-kinder\/\" \/>\n<meta property=\"og:site_name\" content=\"Bizkarra\" \/>\n<meta property=\"article:modified_time\" content=\"2024-10-24T16:43:02+00:00\" \/>\n<meta property=\"og:image\" content=\"https:\/\/www.bizkarra.com\/tienda-online\/wp-content\/uploads\/2023\/09\/Palmera-tierna-Kinder-scaled.jpg\" \/>\n\t<meta property=\"og:image:width\" content=\"2560\" \/>\n\t<meta property=\"og:image:height\" content=\"2560\" \/>\n\t<meta property=\"og:image:type\" content=\"image\/jpeg\" \/>\n<meta name=\"twitter:card\" content=\"summary_large_image\" \/>\n<!-- \/ Yoast SEO plugin. -->","yoast_head_json":{"title":"Palmera tierna Kinder - Bizkarra","description":"Nuestra palmera tierna Kinder es de mullida masa tierna, por lo que se engloba entre las populares palmeras bollo.","robots":{"index":"index","follow":"follow","max-snippet":"max-snippet:-1","max-image-preview":"max-image-preview:large","max-video-preview":"max-video-preview:-1"},"canonical":"https:\/\/www.bizkarra.com\/tienda-online\/productos-vascos\/dulces\/palmera-tierna-kinder\/","og_locale":"es_ES","og_type":"article","og_title":"Palmera tierna Kinder - Bizkarra","og_description":"Nuestra palmera tierna Kinder es de mullida masa tierna, por lo que se engloba entre las populares palmeras bollo.","og_url":"https:\/\/www.bizkarra.com\/tienda-online\/productos-vascos\/dulces\/palmera-tierna-kinder\/","og_site_name":"Bizkarra","article_modified_time":"2024-10-24T16:43:02+00:00","og_image":[{"width":2560,"height":2560,"url":"https:\/\/www.bizkarra.com\/tienda-online\/wp-content\/uploads\/2023\/09\/Palmera-tierna-Kinder-scaled.jpg","type":"image\/jpeg"}],"twitter_card":"summary_large_image","schema":{"@context":"https:\/\/schema.org","@graph":[{"@type":"WebPage","@id":"https:\/\/www.bizkarra.com\/tienda-online\/productos-vascos\/dulces\/palmera-tierna-kinder\/","url":"https:\/\/www.bizkarra.com\/tienda-online\/productos-vascos\/dulces\/palmera-tierna-kinder\/","name":"Palmera tierna Kinder - Bizkarra","isPartOf":{"@id":"https:\/\/www.bizkarra.com\/tienda-online\/#website"},"datePublished":"2023-09-04T10:52:55+00:00","dateModified":"2024-10-24T16:43:02+00:00","description":"Nuestra palmera tierna Kinder es de mullida masa tierna, por lo que se engloba entre las populares palmeras bollo.","breadcrumb":{"@id":"https:\/\/www.bizkarra.com\/tienda-online\/productos-vascos\/dulces\/palmera-tierna-kinder\/#breadcrumb"},"inLanguage":"es","potentialAction":[{"@type":"ReadAction","target":["https:\/\/www.bizkarra.com\/tienda-online\/productos-vascos\/dulces\/palmera-tierna-kinder\/"]}]},{"@type":"BreadcrumbList","@id":"https:\/\/www.bizkarra.com\/tienda-online\/productos-vascos\/dulces\/palmera-tierna-kinder\/#breadcrumb","itemListElement":[{"@type":"ListItem","position":1,"name":"Portada","item":"https:\/\/www.bizkarra.com\/tienda-online\/"},{"@type":"ListItem","position":2,"name":"Tienda","item":"https:\/\/www.bizkarra.com\/tienda-online\/productos-vascos\/"},{"@type":"ListItem","position":3,"name":"Palmera tierna Kinder"}]},{"@type":"WebSite","@id":"https:\/\/www.bizkarra.com\/tienda-online\/#website","url":"https:\/\/www.bizkarra.com\/tienda-online\/","name":"Bizkarra","description":"Tienda Online de postres y dulces gourmet t\u00edpicos vascos","potentialAction":[{"@type":"SearchAction","target":{"@type":"EntryPoint","urlTemplate":"https:\/\/www.bizkarra.com\/tienda-online\/?s={search_term_string}"},"query-input":"required name=search_term_string"}],"inLanguage":"es"}]}},"_links":{"self":[{"href":"https:\/\/www.bizkarra.com\/tienda-online\/wp-json\/wp\/v2\/product\/7324"}],"collection":[{"href":"https:\/\/www.bizkarra.com\/tienda-online\/wp-json\/wp\/v2\/product"}],"about":[{"href":"https:\/\/www.bizkarra.com\/tienda-online\/wp-json\/wp\/v2\/types\/product"}],"wp:featuredmedia":[{"embeddable":true,"href":"https:\/\/www.bizkarra.com\/tienda-online\/wp-json\/wp\/v2\/media\/7321"}],"wp:attachment":[{"href":"https:\/\/www.bizkarra.com\/tienda-online\/wp-json\/wp\/v2\/media?parent=7324"}],"wp:term":[{"taxonomy":"product_cat","embeddable":true,"href":"https:\/\/www.bizkarra.com\/tienda-online\/wp-json\/wp\/v2\/product_cat?post=7324"},{"taxonomy":"product_tag","embeddable":true,"href":"https:\/\/www.bizkarra.com\/tienda-online\/wp-json\/wp\/v2\/product_tag?post=7324"}],"curies":[{"name":"wp","href":"https:\/\/api.w.org\/{rel}","templated":true}]}}