{"id":7273,"date":"2023-07-19T17:12:12","date_gmt":"2023-07-19T17:12:12","guid":{"rendered":"https:\/\/www.bizkarra.com\/tienda-online\/?post_type=product&#038;p=7273"},"modified":"2024-10-24T16:26:45","modified_gmt":"2024-10-24T16:26:45","slug":"caja-de-pasteles-vascos","status":"publish","type":"product","link":"https:\/\/www.bizkarra.com\/tienda-online\/productos-vascos\/postres-tipicos\/caja-de-pasteles-vascos\/","title":{"rendered":"Caja de pasteles vascos"},"content":{"rendered":"<p>Nuestro pastel vasco se identifica al instante en el paladar. Aunque es una especialidad en la que no hay una \u00fanica receta y hay amplia variedad, hemos conseguido crear un estilo propio. Hemos introducido algunos detalles en la elaboraci\u00f3n que le dan un toque diferente, los que siempre sorprende si no nos conocen. Cuando ya se ha probado, lo habitual es querer volver de vez en cuando a esa sensaci\u00f3n.<\/p>\n<p>Con esta caja de pasteles vascos puedes compartir estas delicias y sorprender tambi\u00e9n a tus amistades.<\/p>\n<p>&nbsp;<\/p>\n<p style=\"text-align: justify;\"><strong>ELIGE TU SELECCI\u00d3N<br \/>\n<\/strong><strong><em>P\u00e1sate por la secci\u00f3n de productos y mira todas las especialidades, te va a resultar muy dif\u00edcil elegir!<\/em><\/strong><\/p>\n<p style=\"text-align: justify;\"><strong><em>Ll\u00e1manos o m\u00e1ndanos un whatsapp sin compromiso y te explicaremos todo lo que quieras saber para escoger<\/em><\/strong><b><i>\u00a0tu producto o combinaci\u00f3n ideal.<\/i><\/b><\/p>\n<h3 style=\"padding-left: 120px; text-align: center;\"><span style=\"color: #000000;\"><a style=\"color: #000000;\" href=\"tel: 34944568508\">944 56 85 08<\/a><\/span><\/h3>\n<h3 style=\"text-align: center; padding-left: 120px;\"><span style=\"color: #000000;\"><a style=\"color: #000000;\" href=\"https:\/\/wa.me\/34655 61 39 81\">655 61 39 81<\/a><\/span><\/h3>\n<h3 style=\"text-align: center; padding-left: 120px;\"><span style=\"color: #000000;\"><a style=\"color: #000000;\" href=\"mailto:ventaonline@bizkarra.com\">ventaonline@bizkarra.com<\/a><\/span><\/h3>\n","protected":false},"excerpt":{"rendered":"<p>\u00a1D\u00e9jate seducir por nuestra receta!<\/p>\n<p>Es probable que ya hayas probado nuestro pastel vasco, y te hayas \u201cenganchado\u201d a nuestra receta. Si no es as\u00ed, d\u00e9jate seducir por su sabor y su textura: son suaves, pero con personalidad. Ya ver\u00e1s que se te va a hacer peque\u00f1a la caja.<\/p>\n<p>Contiene:<\/p>\n<ul>\n<li>12 <a href=\"https:\/\/www.bizkarra.com\/tienda-online\/productos-vascos\/postres-tipicos\/pastel-vasco\/\">pasteles vascos<\/a> de raci\u00f3n<\/li>\n<\/ul>\n","protected":false},"featured_media":7274,"template":"","meta":[],"product_cat":[189],"product_tag":[],"yoast_head":"<!-- This site is optimized with the Yoast SEO plugin v22.1 - https:\/\/yoast.com\/wordpress\/plugins\/seo\/ -->\n<title>Caja de pasteles vascos - Bizkarra<\/title>\n<meta name=\"description\" content=\"Esta caja de pasteles vascos contiene una docena de pasteles vascos individuales con nuestro toque de sabor especial. \u00a1Te sorprender\u00e1!\" \/>\n<meta name=\"robots\" content=\"index, follow, max-snippet:-1, max-image-preview:large, max-video-preview:-1\" \/>\n<link rel=\"canonical\" href=\"https:\/\/www.bizkarra.com\/tienda-online\/productos-vascos\/postres-tipicos\/caja-de-pasteles-vascos\/\" \/>\n<meta property=\"og:locale\" content=\"es_ES\" \/>\n<meta property=\"og:type\" content=\"article\" \/>\n<meta property=\"og:title\" content=\"Caja de pasteles vascos - Bizkarra\" \/>\n<meta property=\"og:description\" content=\"Esta caja de pasteles vascos contiene una docena de pasteles vascos individuales con nuestro toque de sabor especial. \u00a1Te sorprender\u00e1!\" \/>\n<meta property=\"og:url\" content=\"https:\/\/www.bizkarra.com\/tienda-online\/productos-vascos\/postres-tipicos\/caja-de-pasteles-vascos\/\" \/>\n<meta property=\"og:site_name\" content=\"Bizkarra\" \/>\n<meta property=\"article:modified_time\" content=\"2024-10-24T16:26:45+00:00\" \/>\n<meta property=\"og:image\" content=\"https:\/\/www.bizkarra.com\/tienda-online\/wp-content\/uploads\/2023\/07\/caja-12-pasteles-vascos-2.jpg\" \/>\n\t<meta property=\"og:image:width\" content=\"1860\" \/>\n\t<meta property=\"og:image:height\" content=\"1966\" \/>\n\t<meta property=\"og:image:type\" content=\"image\/jpeg\" \/>\n<meta name=\"twitter:card\" content=\"summary_large_image\" \/>\n<!-- \/ Yoast SEO plugin. -->","yoast_head_json":{"title":"Caja de pasteles vascos - Bizkarra","description":"Esta caja de pasteles vascos contiene una docena de pasteles vascos individuales con nuestro toque de sabor especial. \u00a1Te sorprender\u00e1!","robots":{"index":"index","follow":"follow","max-snippet":"max-snippet:-1","max-image-preview":"max-image-preview:large","max-video-preview":"max-video-preview:-1"},"canonical":"https:\/\/www.bizkarra.com\/tienda-online\/productos-vascos\/postres-tipicos\/caja-de-pasteles-vascos\/","og_locale":"es_ES","og_type":"article","og_title":"Caja de pasteles vascos - Bizkarra","og_description":"Esta caja de pasteles vascos contiene una docena de pasteles vascos individuales con nuestro toque de sabor especial. \u00a1Te sorprender\u00e1!","og_url":"https:\/\/www.bizkarra.com\/tienda-online\/productos-vascos\/postres-tipicos\/caja-de-pasteles-vascos\/","og_site_name":"Bizkarra","article_modified_time":"2024-10-24T16:26:45+00:00","og_image":[{"width":1860,"height":1966,"url":"https:\/\/www.bizkarra.com\/tienda-online\/wp-content\/uploads\/2023\/07\/caja-12-pasteles-vascos-2.jpg","type":"image\/jpeg"}],"twitter_card":"summary_large_image","schema":{"@context":"https:\/\/schema.org","@graph":[{"@type":"WebPage","@id":"https:\/\/www.bizkarra.com\/tienda-online\/productos-vascos\/postres-tipicos\/caja-de-pasteles-vascos\/","url":"https:\/\/www.bizkarra.com\/tienda-online\/productos-vascos\/postres-tipicos\/caja-de-pasteles-vascos\/","name":"Caja de pasteles vascos - Bizkarra","isPartOf":{"@id":"https:\/\/www.bizkarra.com\/tienda-online\/#website"},"datePublished":"2023-07-19T17:12:12+00:00","dateModified":"2024-10-24T16:26:45+00:00","description":"Esta caja de pasteles vascos contiene una docena de pasteles vascos individuales con nuestro toque de sabor especial. \u00a1Te sorprender\u00e1!","breadcrumb":{"@id":"https:\/\/www.bizkarra.com\/tienda-online\/productos-vascos\/postres-tipicos\/caja-de-pasteles-vascos\/#breadcrumb"},"inLanguage":"es","potentialAction":[{"@type":"ReadAction","target":["https:\/\/www.bizkarra.com\/tienda-online\/productos-vascos\/postres-tipicos\/caja-de-pasteles-vascos\/"]}]},{"@type":"BreadcrumbList","@id":"https:\/\/www.bizkarra.com\/tienda-online\/productos-vascos\/postres-tipicos\/caja-de-pasteles-vascos\/#breadcrumb","itemListElement":[{"@type":"ListItem","position":1,"name":"Portada","item":"https:\/\/www.bizkarra.com\/tienda-online\/"},{"@type":"ListItem","position":2,"name":"Tienda","item":"https:\/\/www.bizkarra.com\/tienda-online\/productos-vascos\/"},{"@type":"ListItem","position":3,"name":"Caja de pasteles vascos"}]},{"@type":"WebSite","@id":"https:\/\/www.bizkarra.com\/tienda-online\/#website","url":"https:\/\/www.bizkarra.com\/tienda-online\/","name":"Bizkarra","description":"Tienda Online de postres y dulces gourmet t\u00edpicos vascos","potentialAction":[{"@type":"SearchAction","target":{"@type":"EntryPoint","urlTemplate":"https:\/\/www.bizkarra.com\/tienda-online\/?s={search_term_string}"},"query-input":"required name=search_term_string"}],"inLanguage":"es"}]}},"_links":{"self":[{"href":"https:\/\/www.bizkarra.com\/tienda-online\/wp-json\/wp\/v2\/product\/7273"}],"collection":[{"href":"https:\/\/www.bizkarra.com\/tienda-online\/wp-json\/wp\/v2\/product"}],"about":[{"href":"https:\/\/www.bizkarra.com\/tienda-online\/wp-json\/wp\/v2\/types\/product"}],"wp:featuredmedia":[{"embeddable":true,"href":"https:\/\/www.bizkarra.com\/tienda-online\/wp-json\/wp\/v2\/media\/7274"}],"wp:attachment":[{"href":"https:\/\/www.bizkarra.com\/tienda-online\/wp-json\/wp\/v2\/media?parent=7273"}],"wp:term":[{"taxonomy":"product_cat","embeddable":true,"href":"https:\/\/www.bizkarra.com\/tienda-online\/wp-json\/wp\/v2\/product_cat?post=7273"},{"taxonomy":"product_tag","embeddable":true,"href":"https:\/\/www.bizkarra.com\/tienda-online\/wp-json\/wp\/v2\/product_tag?post=7273"}],"curies":[{"name":"wp","href":"https:\/\/api.w.org\/{rel}","templated":true}]}}