{"id":5801,"date":"2021-03-04T08:24:10","date_gmt":"2021-03-04T08:24:10","guid":{"rendered":"https:\/\/www.bizkarra.com\/tienda-online\/?post_type=product&#038;p=5801"},"modified":"2025-03-24T07:48:13","modified_gmt":"2025-03-24T07:48:13","slug":"txintxorta-torta-de-chicharrones","status":"publish","type":"product","link":"https:\/\/www.bizkarra.com\/tienda-online\/productos-vascos\/postres-tipicos\/txintxorta-torta-de-chicharrones\/","title":{"rendered":"Txintxorta &#8211; Torta de chicharrones"},"content":{"rendered":"<p>Un dulce tradicional que se elabora en muy pocos obradores. El aspecto r\u00fastico de la txintxorta o torta de chicharrones muestra la naturaleza rural de este dulce. El ingrediente esencial son los chicharrones, que es la parte magra que queda despu\u00e9s de extraer toda la grasa de la manteca de cerdo. Para degustar este dulce te recomendamos calentarlo ligeramente al microondas; as\u00ed la masa se templa y se regenera para tomarla en su punto.<\/p>\n<p><strong>Ingredientes:<br \/>\n<\/strong><\/p>\n<div class=\"wpb_text_column wpb_content_element \">\n<div class=\"wpb_wrapper\">\n<div class=\"wpb_text_column wpb_content_element \">\n<div class=\"wpb_wrapper\">\n<div class=\"wpb_text_column wpb_content_element \">\n<div class=\"wpb_wrapper\">\n<div class=\"wpb_text_column wpb_content_element \">\n<div class=\"wpb_wrapper\">\n<div class=\"wpb_text_column wpb_content_element \">\n<div class=\"wpb_wrapper\">\n<p style=\"font-weight: 400;\">(<em>al\u00e9rgenos en negrita<\/em>) Harina de trigo (<strong><u>gluten<\/u><\/strong>), chicharrones, az\u00facar, canela<\/p>\n<\/div>\n<\/div>\n<\/div>\n<\/div>\n<\/div>\n<\/div>\n<\/div>\n<\/div>\n<\/div>\n<\/div>\n<p>Por ser producto elaborado en nuestro obrador, puede contener trazas de s\u00e9samo, huesos y soja<\/p>\n<p>&nbsp;<\/p>\n<p style=\"text-align: justify;\"><strong><em>Ll\u00e1manos o m\u00e1ndanos un Whatsapp sin compromiso y te explicaremos todo lo que quieras saber para escoger o preparar tu sorta ideal.<\/em><\/strong><\/p>\n<h3 style=\"padding-left: 120px; text-align: center;\"><span style=\"color: #000000;\"><a style=\"color: #000000;\" href=\"tel: 34944568508\">944 56 85 08<\/a><\/span><\/h3>\n<h3 style=\"text-align: center; padding-left: 120px;\"><span style=\"color: #000000;\"><a style=\"color: #000000;\" href=\"https:\/\/wa.me\/34655 61 39 81\">655 61 39 81<\/a><\/span><\/h3>\n<h3 style=\"text-align: center; padding-left: 120px;\"><span style=\"color: #000000;\"><a style=\"color: #000000;\" href=\"mailto:ventaonline@bizkarra.com\">ventaonline@bizkarra.com<\/a><\/span><\/h3>\n<p>&nbsp;<\/p>\n","protected":false},"excerpt":{"rendered":"<p>\u00a1El dulce del invierno!<\/p>\n<p>Su elaboraci\u00f3n est\u00e1 asociada al ciclo de trabajo en los caser\u00edos, a las txarribodas y la \u00e9poca de matanza. Si conoces la txintxorta o torta de chicharrones es muy probable que te recuerde a casa y a familia. Si no, te invitamos a saborear una antigua tradici\u00f3n.<\/p>\n<p>Presentaci\u00f3n<\/p>\n<p>1 Txintxorta o torta de chicharrones<\/p>\n","protected":false},"featured_media":5803,"template":"","meta":[],"product_cat":[189,193],"product_tag":[],"yoast_head":"<!-- This site is optimized with the Yoast SEO plugin v22.1 - https:\/\/yoast.com\/wordpress\/plugins\/seo\/ -->\n<title>Txintxorta - Torta de chicharrones - Bizkarra<\/title>\n<meta name=\"description\" content=\"Nuestras txintxortas son las tortas de chicharrones que se elaboraban en los caser\u00edos en tiempos de matanza; nuestro postre de invierno casi olvidado\" \/>\n<meta name=\"robots\" content=\"index, follow, max-snippet:-1, max-image-preview:large, max-video-preview:-1\" \/>\n<link rel=\"canonical\" href=\"https:\/\/www.bizkarra.com\/tienda-online\/productos-vascos\/postres-tipicos\/txintxorta-torta-de-chicharrones\/\" \/>\n<meta property=\"og:locale\" content=\"es_ES\" \/>\n<meta property=\"og:type\" content=\"article\" \/>\n<meta property=\"og:title\" content=\"Txintxorta - Torta de chicharrones - Bizkarra\" \/>\n<meta property=\"og:description\" content=\"Nuestras txintxortas son las tortas de chicharrones que se elaboraban en los caser\u00edos en tiempos de matanza; nuestro postre de invierno casi olvidado\" \/>\n<meta property=\"og:url\" content=\"https:\/\/www.bizkarra.com\/tienda-online\/productos-vascos\/postres-tipicos\/txintxorta-torta-de-chicharrones\/\" \/>\n<meta property=\"og:site_name\" content=\"Bizkarra\" \/>\n<meta property=\"article:modified_time\" content=\"2025-03-24T07:48:13+00:00\" \/>\n<meta property=\"og:image\" content=\"https:\/\/www.bizkarra.com\/tienda-online\/wp-content\/uploads\/2021\/03\/1954_Txintxorta-scaled.jpg\" \/>\n\t<meta property=\"og:image:width\" content=\"2560\" \/>\n\t<meta property=\"og:image:height\" content=\"1707\" \/>\n\t<meta property=\"og:image:type\" content=\"image\/jpeg\" \/>\n<meta name=\"twitter:card\" content=\"summary_large_image\" \/>\n<!-- \/ Yoast SEO plugin. -->","yoast_head_json":{"title":"Txintxorta - Torta de chicharrones - Bizkarra","description":"Nuestras txintxortas son las tortas de chicharrones que se elaboraban en los caser\u00edos en tiempos de matanza; nuestro postre de invierno casi olvidado","robots":{"index":"index","follow":"follow","max-snippet":"max-snippet:-1","max-image-preview":"max-image-preview:large","max-video-preview":"max-video-preview:-1"},"canonical":"https:\/\/www.bizkarra.com\/tienda-online\/productos-vascos\/postres-tipicos\/txintxorta-torta-de-chicharrones\/","og_locale":"es_ES","og_type":"article","og_title":"Txintxorta - Torta de chicharrones - Bizkarra","og_description":"Nuestras txintxortas son las tortas de chicharrones que se elaboraban en los caser\u00edos en tiempos de matanza; nuestro postre de invierno casi olvidado","og_url":"https:\/\/www.bizkarra.com\/tienda-online\/productos-vascos\/postres-tipicos\/txintxorta-torta-de-chicharrones\/","og_site_name":"Bizkarra","article_modified_time":"2025-03-24T07:48:13+00:00","og_image":[{"width":2560,"height":1707,"url":"https:\/\/www.bizkarra.com\/tienda-online\/wp-content\/uploads\/2021\/03\/1954_Txintxorta-scaled.jpg","type":"image\/jpeg"}],"twitter_card":"summary_large_image","schema":{"@context":"https:\/\/schema.org","@graph":[{"@type":"WebPage","@id":"https:\/\/www.bizkarra.com\/tienda-online\/productos-vascos\/postres-tipicos\/txintxorta-torta-de-chicharrones\/","url":"https:\/\/www.bizkarra.com\/tienda-online\/productos-vascos\/postres-tipicos\/txintxorta-torta-de-chicharrones\/","name":"Txintxorta - Torta de chicharrones - Bizkarra","isPartOf":{"@id":"https:\/\/www.bizkarra.com\/tienda-online\/#website"},"datePublished":"2021-03-04T08:24:10+00:00","dateModified":"2025-03-24T07:48:13+00:00","description":"Nuestras txintxortas son las tortas de chicharrones que se elaboraban en los caser\u00edos en tiempos de matanza; nuestro postre de invierno casi olvidado","breadcrumb":{"@id":"https:\/\/www.bizkarra.com\/tienda-online\/productos-vascos\/postres-tipicos\/txintxorta-torta-de-chicharrones\/#breadcrumb"},"inLanguage":"es","potentialAction":[{"@type":"ReadAction","target":["https:\/\/www.bizkarra.com\/tienda-online\/productos-vascos\/postres-tipicos\/txintxorta-torta-de-chicharrones\/"]}]},{"@type":"BreadcrumbList","@id":"https:\/\/www.bizkarra.com\/tienda-online\/productos-vascos\/postres-tipicos\/txintxorta-torta-de-chicharrones\/#breadcrumb","itemListElement":[{"@type":"ListItem","position":1,"name":"Portada","item":"https:\/\/www.bizkarra.com\/tienda-online\/"},{"@type":"ListItem","position":2,"name":"Tienda","item":"https:\/\/www.bizkarra.com\/tienda-online\/productos-vascos\/"},{"@type":"ListItem","position":3,"name":"Txintxorta &#8211; Torta de chicharrones"}]},{"@type":"WebSite","@id":"https:\/\/www.bizkarra.com\/tienda-online\/#website","url":"https:\/\/www.bizkarra.com\/tienda-online\/","name":"Bizkarra","description":"Tienda Online de postres y dulces gourmet t\u00edpicos vascos","potentialAction":[{"@type":"SearchAction","target":{"@type":"EntryPoint","urlTemplate":"https:\/\/www.bizkarra.com\/tienda-online\/?s={search_term_string}"},"query-input":"required name=search_term_string"}],"inLanguage":"es"}]}},"_links":{"self":[{"href":"https:\/\/www.bizkarra.com\/tienda-online\/wp-json\/wp\/v2\/product\/5801"}],"collection":[{"href":"https:\/\/www.bizkarra.com\/tienda-online\/wp-json\/wp\/v2\/product"}],"about":[{"href":"https:\/\/www.bizkarra.com\/tienda-online\/wp-json\/wp\/v2\/types\/product"}],"wp:featuredmedia":[{"embeddable":true,"href":"https:\/\/www.bizkarra.com\/tienda-online\/wp-json\/wp\/v2\/media\/5803"}],"wp:attachment":[{"href":"https:\/\/www.bizkarra.com\/tienda-online\/wp-json\/wp\/v2\/media?parent=5801"}],"wp:term":[{"taxonomy":"product_cat","embeddable":true,"href":"https:\/\/www.bizkarra.com\/tienda-online\/wp-json\/wp\/v2\/product_cat?post=5801"},{"taxonomy":"product_tag","embeddable":true,"href":"https:\/\/www.bizkarra.com\/tienda-online\/wp-json\/wp\/v2\/product_tag?post=5801"}],"curies":[{"name":"wp","href":"https:\/\/api.w.org\/{rel}","templated":true}]}}